{"id":4332,"date":"2025-07-08T16:28:08","date_gmt":"2025-07-08T14:28:08","guid":{"rendered":"https:\/\/steuer-dienst.ch\/?post_type=avada_faq&#038;p=4332"},"modified":"2025-07-08T16:28:08","modified_gmt":"2025-07-08T14:28:08","slug":"privates-buero-home-office","status":"publish","type":"avada_faq","link":"https:\/\/steuer-dienst.ch\/de_ch\/faqs\/privates-buero-home-office\/","title":{"rendered":"Privates B\u00fcro \/ Home-Office"},"content":{"rendered":"<p id=\"viewer-yorxc741724\" class=\"R920X _5wA-D d0eTW vC2ou -oJ0G\"><span class=\"J6XX-\">Die Kosten f\u00fcr ein privates Arbeitszimmer (Home-Office) k\u00f6nnen steuerlich geltend gemacht werden. Bei dem Abzug der Kosten f\u00fcr das private Arbeitszimmer gelten strenge Vorgaben:<\/span><\/p>\n<p id=\"viewer-k0fna741726\" class=\"R920X _5wA-D d0eTW vC2ou -oJ0G\"><span class=\"J6XX-\">Das Arbeitszimmer muss regelm\u00e4ssige Verwendung finden, was bedeutet, dass ein wesentlicher Anteil der beruflichen Arbeit im Home-Office stattfindet. Der Richtwert entspricht 40% eines Vollzeitpensums oder mehr. Die zweite Bedingung lautet, dass der Arbeitgeber keinen f\u00fcr die Arbeit geeigneten Raum zur Verf\u00fcgung stellen konnte. Dritte Voraussetzung ist, dass das Arbeitszimmer nur zur Aus\u00fcbung der beruflichen T\u00e4tigkeit genutzt wird. Nur wenn alle drei Bedingungen erf\u00fcllt sind, lassen sich die anteilsm\u00e4ssigen Kosten f\u00fcr das Zimmer von der Einkommensteuer abziehen.<\/span><\/p>\n<p id=\"viewer-tyff8741728\" class=\"R920X _5wA-D d0eTW vC2ou -oJ0G\"><span class=\"J6XX-\">Home-Office 2020 infolge Corona<\/span><\/p>\n<p id=\"viewer-k5qip741729\" class=\"R920X _5wA-D d0eTW vC2ou -oJ0G\"><span class=\"J6XX-\">Wenn man im Jahr 2020 (Corona) im Home-Office war, k\u00f6nnen diese Kosten nicht als Home-Officekosten in Abzug gebracht werden (Gesetzliche Voraussetzungen nicht erf\u00fcllt). Es k\u00f6nnen jedoch die \u00fcblichen Fahrkosten und Verpflegungskosten in Abzug gebracht werden.<\/span><\/p>\n","protected":false},"excerpt":{"rendered":"<p>Die Kosten f\u00fcr ein privates Arbeitszimmer (Home-Office) k\u00f6nnen steuerlich geltend  [&#8230;]<\/p>\n","protected":false},"author":2,"featured_media":0,"menu_order":0,"comment_status":"open","ping_status":"closed","template":"","format":"standard","meta":{"_acf_changed":false,"om_disable_all_campaigns":false,"_monsterinsights_skip_tracking":false,"_monsterinsights_sitenote_active":false,"_monsterinsights_sitenote_note":"","_monsterinsights_sitenote_category":0,"footnotes":""},"faq_category":[],"class_list":["post-4332","avada_faq","type-avada_faq","status-publish","format-standard","hentry"],"acf":[],"_links":{"self":[{"href":"https:\/\/steuer-dienst.ch\/de_ch\/wp-json\/wp\/v2\/avada_faq\/4332","targetHints":{"allow":["GET"]}}],"collection":[{"href":"https:\/\/steuer-dienst.ch\/de_ch\/wp-json\/wp\/v2\/avada_faq"}],"about":[{"href":"https:\/\/steuer-dienst.ch\/de_ch\/wp-json\/wp\/v2\/types\/avada_faq"}],"author":[{"embeddable":true,"href":"https:\/\/steuer-dienst.ch\/de_ch\/wp-json\/wp\/v2\/users\/2"}],"replies":[{"embeddable":true,"href":"https:\/\/steuer-dienst.ch\/de_ch\/wp-json\/wp\/v2\/comments?post=4332"}],"version-history":[{"count":1,"href":"https:\/\/steuer-dienst.ch\/de_ch\/wp-json\/wp\/v2\/avada_faq\/4332\/revisions"}],"predecessor-version":[{"id":4333,"href":"https:\/\/steuer-dienst.ch\/de_ch\/wp-json\/wp\/v2\/avada_faq\/4332\/revisions\/4333"}],"wp:attachment":[{"href":"https:\/\/steuer-dienst.ch\/de_ch\/wp-json\/wp\/v2\/media?parent=4332"}],"wp:term":[{"taxonomy":"faq_category","embeddable":true,"href":"https:\/\/steuer-dienst.ch\/de_ch\/wp-json\/wp\/v2\/faq_category?post=4332"}],"curies":[{"name":"wp","href":"https:\/\/api.w.org\/{rel}","templated":true}]}}

Privates Büro / Home-Office

<p id="viewer-yorxc741724" class="R920X _5wA-D d0eTW vC2ou -oJ0G"><span class="J6XX-">Die Kosten für ein privates Arbeitszimmer (Home-Office) können steuerlich geltend gemacht werden. Bei dem Abzug der Kosten für das private Arbeitszimmer gelten strenge Vorgaben:</span></p>
<p id="viewer-k0fna741726" class="R920X _5wA-D d0eTW vC2ou -oJ0G"><span class="J6XX-">Das Arbeitszimmer muss regelmässige Verwendung finden, was bedeutet, dass ein wesentlicher Anteil der beruflichen Arbeit im Home-Office stattfindet. Der Richtwert entspricht 40% eines Vollzeitpensums oder mehr. Die zweite Bedingung lautet, dass der Arbeitgeber keinen für die Arbeit geeigneten Raum zur Verfügung stellen konnte. Dritte Voraussetzung ist, dass das Arbeitszimmer nur zur Ausübung der beruflichen Tätigkeit genutzt wird. Nur wenn alle drei Bedingungen erfüllt sind, lassen sich die anteilsmässigen Kosten für das Zimmer von der Einkommensteuer abziehen.</span></p>
<p id="viewer-tyff8741728" class="R920X _5wA-D d0eTW vC2ou -oJ0G"><span class="J6XX-">Home-Office 2020 infolge Corona</span></p>
<p id="viewer-k5qip741729" class="R920X _5wA-D d0eTW vC2ou -oJ0G"><span class="J6XX-">Wenn man im Jahr 2020 (Corona) im Home-Office war, können diese Kosten nicht als Home-Officekosten in Abzug gebracht werden (Gesetzliche Voraussetzungen nicht erfüllt). Es können jedoch die üblichen Fahrkosten und Verpflegungskosten in Abzug gebracht werden.</span></p>

<p>Die Kosten für ein privates Arbeitszimmer (Home-Office) können steuerlich geltend  [&#8230;]</p>
