{"id":4330,"date":"2025-07-08T16:27:52","date_gmt":"2025-07-08T14:27:52","guid":{"rendered":"https:\/\/steuer-dienst.ch\/?post_type=avada_faq&#038;p=4330"},"modified":"2025-07-08T16:27:52","modified_gmt":"2025-07-08T14:27:52","slug":"behinderungsbedingte-mehrkosten","status":"publish","type":"avada_faq","link":"https:\/\/steuer-dienst.ch\/de_ch\/faqs\/behinderungsbedingte-mehrkosten\/","title":{"rendered":"Behinderungsbedingte Mehrkosten"},"content":{"rendered":"<p id=\"viewer-ia4yk741709\" class=\"R920X _5wA-D d0eTW vC2ou -oJ0G\"><span class=\"J6XX-\">Behinderungsbedingte Kosten k\u00f6nnen steuerlich geltend gemacht werden. Anders als bei Krankheits- und Unfallkosten, k\u00f6nnen behinderungsbedingte Mehrkosten normalerweise in vollem Umfang von der Steuer abgezogen werden. Um diesen Abzug nutzen zu k\u00f6nnen, ist es Voraussetzung, dass die betreffende Person als \u201ebehinderte Person\u201c anerkannt wurde.<\/span><\/p>\n<p id=\"viewer-2wm9r741711\" class=\"R920X _5wA-D d0eTW vC2ou -oJ0G\"><span class=\"J6XX-\">Nicht als behindert gelten Privatpersonen, die lediglich auf eine Sehhilfe, wie Brille oder Kontaktlinsen angewiesen sind und \u00c4hnliches. Als behinderte Personen gelten in der Regel z.b. Bez\u00fcger von IV-Leistungen oder Hilflosenentsch\u00e4digung. Abzugsf\u00e4hig sind die behinderungsbedingten Mehrkosten, die selbst finanziert werden mussten \u2013 also die Kosten, die nicht mit einer Versicherung oder durch Hilfswerke abgedeckt werden konnten.<\/span><\/p>\n","protected":false},"excerpt":{"rendered":"<p>Behinderungsbedingte Kosten k\u00f6nnen steuerlich geltend gemacht werden. Anders als bei  [&#8230;]<\/p>\n","protected":false},"author":2,"featured_media":0,"menu_order":0,"comment_status":"open","ping_status":"closed","template":"","format":"standard","meta":{"_acf_changed":false,"om_disable_all_campaigns":false,"_monsterinsights_skip_tracking":false,"_monsterinsights_sitenote_active":false,"_monsterinsights_sitenote_note":"","_monsterinsights_sitenote_category":0,"footnotes":""},"faq_category":[],"class_list":["post-4330","avada_faq","type-avada_faq","status-publish","format-standard","hentry"],"acf":[],"_links":{"self":[{"href":"https:\/\/steuer-dienst.ch\/de_ch\/wp-json\/wp\/v2\/avada_faq\/4330","targetHints":{"allow":["GET"]}}],"collection":[{"href":"https:\/\/steuer-dienst.ch\/de_ch\/wp-json\/wp\/v2\/avada_faq"}],"about":[{"href":"https:\/\/steuer-dienst.ch\/de_ch\/wp-json\/wp\/v2\/types\/avada_faq"}],"author":[{"embeddable":true,"href":"https:\/\/steuer-dienst.ch\/de_ch\/wp-json\/wp\/v2\/users\/2"}],"replies":[{"embeddable":true,"href":"https:\/\/steuer-dienst.ch\/de_ch\/wp-json\/wp\/v2\/comments?post=4330"}],"version-history":[{"count":1,"href":"https:\/\/steuer-dienst.ch\/de_ch\/wp-json\/wp\/v2\/avada_faq\/4330\/revisions"}],"predecessor-version":[{"id":4331,"href":"https:\/\/steuer-dienst.ch\/de_ch\/wp-json\/wp\/v2\/avada_faq\/4330\/revisions\/4331"}],"wp:attachment":[{"href":"https:\/\/steuer-dienst.ch\/de_ch\/wp-json\/wp\/v2\/media?parent=4330"}],"wp:term":[{"taxonomy":"faq_category","embeddable":true,"href":"https:\/\/steuer-dienst.ch\/de_ch\/wp-json\/wp\/v2\/faq_category?post=4330"}],"curies":[{"name":"wp","href":"https:\/\/api.w.org\/{rel}","templated":true}]}}

<p id="viewer-ia4yk741709" class="R920X _5wA-D d0eTW vC2ou -oJ0G"><span class="J6XX-">Behinderungsbedingte Kosten können steuerlich geltend gemacht werden. Anders als bei Krankheits- und Unfallkosten, können behinderungsbedingte Mehrkosten normalerweise in vollem Umfang von der Steuer abgezogen werden. Um diesen Abzug nutzen zu können, ist es Voraussetzung, dass die betreffende Person als „behinderte Person“ anerkannt wurde.</span></p>
<p id="viewer-2wm9r741711" class="R920X _5wA-D d0eTW vC2ou -oJ0G"><span class="J6XX-">Nicht als behindert gelten Privatpersonen, die lediglich auf eine Sehhilfe, wie Brille oder Kontaktlinsen angewiesen sind und Ähnliches. Als behinderte Personen gelten in der Regel z.b. Bezüger von IV-Leistungen oder Hilflosenentschädigung. Abzugsfähig sind die behinderungsbedingten Mehrkosten, die selbst finanziert werden mussten – also die Kosten, die nicht mit einer Versicherung oder durch Hilfswerke abgedeckt werden konnten.</span></p>

<p>Behinderungsbedingte Kosten können steuerlich geltend gemacht werden. Anders als bei  [&#8230;]</p>
